{"id":3023,"date":"2021-07-07T14:58:06","date_gmt":"2021-07-07T14:58:06","guid":{"rendered":"https:\/\/www.telessaude.uerj.br\/mestrado\/?page_id=3023"},"modified":"2024-09-09T15:24:33","modified_gmt":"2024-09-09T18:24:33","slug":"mestrado2019","status":"publish","type":"page","link":"https:\/\/www.telessaude.uerj.br\/mestrado\/mestrado2019\/","title":{"rendered":"2019"},"content":{"rendered":"<p style=\"text-align: center\"><img loading=\"lazy\" decoding=\"async\" class=\"alignnone size-full wp-image-689 aligncenter\" src=\"https:\/\/www.telessaude.uerj.br\/wp-content\/uploads\/sites\/3\/2018\/07\/iconeprocessoseletivo2019.png\" alt=\"\" width=\"110\" height=\"117\" \/><strong>PROCESSO SELETIVO 2019<\/strong><\/p>\n<p>&nbsp;<\/p>\n\n<table id=\"tablepress-40\" class=\"tablepress tablepress-id-40\">\n<tbody>\n<tr class=\"row-1\">\n\t<td class=\"column-1\"><strong>Edital<\/strong><\/td><td class=\"column-2\"><a href=\"https:\/\/mestrado.telessaude.uerj.br\/mestrado-telessaude-edital-2018-com-anexo-i.pdf\"><img loading=\"lazy\" decoding=\"async\" src=\"\/mestrado\/wp-content\/uploads\/2018\/07\/iconeprocessoseletivo.png\" alt=\"\" width=\"67\" height=\"62\" class=\"alignnone size-full wp-image-693\" \/><\/a><\/td>\n<\/tr>\n<tr class=\"row-2\">\n\t<td class=\"column-1\"><strong> Reserva de Vagas <\/strong><\/td><td class=\"column-2\"><a href=\"https:\/\/mestrado.telessaude.uerj.br\/mestrado-telessaude-anexo-ii-manual-de-cotas-versao-2018.pdf\"><img loading=\"lazy\" decoding=\"async\" src=\"\/mestrado\/wp-content\/uploads\/2018\/07\/iconeprocessoseletivo.png\" alt=\"\" width=\"67\" height=\"62\" class=\"alignnone size-full wp-image-693\" \/><\/a><\/td>\n<\/tr>\n<tr class=\"row-3\">\n\t<td class=\"column-1\"><strong>Informa\u00e7\u00f5es Socioecon\u00f4micas<\/strong><\/td><td class=\"column-2\"><a href=\"https:\/\/mestrado.telessaude.uerj.br\/mestrado-telessaude-anexo-iii-formulario-questionario-socioeconomico.pdf\"><img loading=\"lazy\" decoding=\"async\" src=\"\/mestrado\/wp-content\/uploads\/2018\/07\/iconeprocessoseletivo.png\" alt=\"\" width=\"67\" height=\"62\" class=\"alignnone size-full wp-image-693\" \/><\/a><\/td>\n<\/tr>\n<\/tbody>\n<\/table>\n<!-- #tablepress-40 from cache -->\n<p>&nbsp;<\/p>\n","protected":false},"excerpt":{"rendered":"<p>PROCESSO SELETIVO 2019 &nbsp; &nbsp;<\/p>\n","protected":false},"author":3,"featured_media":0,"parent":0,"menu_order":0,"comment_status":"closed","ping_status":"closed","template":"","meta":{"_monsterinsights_skip_tracking":false,"_monsterinsights_sitenote_active":false,"_monsterinsights_sitenote_note":"","_monsterinsights_sitenote_category":0,"footnotes":""},"class_list":["post-3023","page","type-page","status-publish","hentry"],"aioseo_notices":[],"_links":{"self":[{"href":"https:\/\/www.telessaude.uerj.br\/mestrado\/wp-json\/wp\/v2\/pages\/3023","targetHints":{"allow":["GET"]}}],"collection":[{"href":"https:\/\/www.telessaude.uerj.br\/mestrado\/wp-json\/wp\/v2\/pages"}],"about":[{"href":"https:\/\/www.telessaude.uerj.br\/mestrado\/wp-json\/wp\/v2\/types\/page"}],"author":[{"embeddable":true,"href":"https:\/\/www.telessaude.uerj.br\/mestrado\/wp-json\/wp\/v2\/users\/3"}],"replies":[{"embeddable":true,"href":"https:\/\/www.telessaude.uerj.br\/mestrado\/wp-json\/wp\/v2\/comments?post=3023"}],"version-history":[{"count":2,"href":"https:\/\/www.telessaude.uerj.br\/mestrado\/wp-json\/wp\/v2\/pages\/3023\/revisions"}],"predecessor-version":[{"id":5256,"href":"https:\/\/www.telessaude.uerj.br\/mestrado\/wp-json\/wp\/v2\/pages\/3023\/revisions\/5256"}],"wp:attachment":[{"href":"https:\/\/www.telessaude.uerj.br\/mestrado\/wp-json\/wp\/v2\/media?parent=3023"}],"curies":[{"name":"wp","href":"https:\/\/api.w.org\/{rel}","templated":true}]}}