{"id":612,"date":"2018-07-25T15:12:48","date_gmt":"2018-07-25T15:12:48","guid":{"rendered":"https:\/\/www.telessaude.uerj.br\/mestrado\/?page_id=612"},"modified":"2024-09-12T16:06:14","modified_gmt":"2024-09-12T19:06:14","slug":"linhas-de-pesquisa","status":"publish","type":"page","link":"https:\/\/www.telessaude.uerj.br\/mestrado\/linhas-de-pesquisa\/","title":{"rendered":"LINHAS DE PESQUISA"},"content":{"rendered":"<p><img loading=\"lazy\" decoding=\"async\" class=\"aligncenter wp-image-4102\" src=\"https:\/\/www.telessaude.uerj.br\/mestrado\/wp-content\/uploads\/sites\/3\/2023\/09\/vecteezy_3d-concept-of-media-file-management-searching-image-and_8879448_75-300x198.png\" alt=\"\" width=\"200\" height=\"132\" srcset=\"https:\/\/www.telessaude.uerj.br\/mestrado\/wp-content\/uploads\/sites\/3\/2023\/09\/vecteezy_3d-concept-of-media-file-management-searching-image-and_8879448_75-300x198.png 300w, https:\/\/www.telessaude.uerj.br\/mestrado\/wp-content\/uploads\/sites\/3\/2023\/09\/vecteezy_3d-concept-of-media-file-management-searching-image-and_8879448_75-1024x677.png 1024w, https:\/\/www.telessaude.uerj.br\/mestrado\/wp-content\/uploads\/sites\/3\/2023\/09\/vecteezy_3d-concept-of-media-file-management-searching-image-and_8879448_75-768x508.png 768w, https:\/\/www.telessaude.uerj.br\/mestrado\/wp-content\/uploads\/sites\/3\/2023\/09\/vecteezy_3d-concept-of-media-file-management-searching-image-and_8879448_75.png 1500w\" sizes=\"auto, (max-width: 200px) 100vw, 200px\" \/><\/p>\n<p style=\"text-align: center\"><strong>Linhas de pesquisa:<\/strong><\/p>\n<p style=\"text-align: center\">\n<table id=\"tablepress-7\" class=\"tablepress tablepress-id-7\">\n<tbody class=\"row-striping\">\n<tr class=\"row-1\">\n\t<td class=\"column-1\">Tecnologias para <strong>Assist\u00eancia Remota<\/strong> em Sa\u00fade.<\/td>\n<\/tr>\n<tr class=\"row-2\">\n\t<td class=\"column-1\">Tecnologias para <strong>Educa\u00e7\u00e3o<\/strong> em Sa\u00fade.<\/td>\n<\/tr>\n<tr class=\"row-3\">\n\t<td class=\"column-1\">Tecnologias para produ\u00e7\u00e3o de <strong>Informa\u00e7\u00e3o e Intelig\u00eancia Artificial<\/strong> em Sa\u00fade.<\/td>\n<\/tr>\n<tr class=\"row-4\">\n\t<td class=\"column-1\">Tecnologias <strong>Tridimensionais<\/strong> em Sa\u00fade.<\/td>\n<\/tr>\n<\/tbody>\n<\/table>\n<!-- #tablepress-7 from cache --><\/p>\n<p>\u00a0<\/p>\n<p style=\"text-align: center\">\u00a0<\/p>\n\n\n<p><\/p>\n","protected":false},"excerpt":{"rendered":"<p>Linhas de pesquisa: \u00a0 \u00a0<\/p>\n","protected":false},"author":1,"featured_media":0,"parent":0,"menu_order":0,"comment_status":"closed","ping_status":"closed","template":"","meta":{"_monsterinsights_skip_tracking":false,"_monsterinsights_sitenote_active":false,"_monsterinsights_sitenote_note":"","_monsterinsights_sitenote_category":0,"footnotes":""},"class_list":["post-612","page","type-page","status-publish","hentry"],"aioseo_notices":[],"_links":{"self":[{"href":"https:\/\/www.telessaude.uerj.br\/mestrado\/wp-json\/wp\/v2\/pages\/612","targetHints":{"allow":["GET"]}}],"collection":[{"href":"https:\/\/www.telessaude.uerj.br\/mestrado\/wp-json\/wp\/v2\/pages"}],"about":[{"href":"https:\/\/www.telessaude.uerj.br\/mestrado\/wp-json\/wp\/v2\/types\/page"}],"author":[{"embeddable":true,"href":"https:\/\/www.telessaude.uerj.br\/mestrado\/wp-json\/wp\/v2\/users\/1"}],"replies":[{"embeddable":true,"href":"https:\/\/www.telessaude.uerj.br\/mestrado\/wp-json\/wp\/v2\/comments?post=612"}],"version-history":[{"count":2,"href":"https:\/\/www.telessaude.uerj.br\/mestrado\/wp-json\/wp\/v2\/pages\/612\/revisions"}],"predecessor-version":[{"id":5325,"href":"https:\/\/www.telessaude.uerj.br\/mestrado\/wp-json\/wp\/v2\/pages\/612\/revisions\/5325"}],"wp:attachment":[{"href":"https:\/\/www.telessaude.uerj.br\/mestrado\/wp-json\/wp\/v2\/media?parent=612"}],"curies":[{"name":"wp","href":"https:\/\/api.w.org\/{rel}","templated":true}]}}