{"id":814,"date":"2018-07-27T13:49:49","date_gmt":"2018-07-27T13:49:49","guid":{"rendered":"https:\/\/www.telessaude.uerj.br\/mestrado\/?page_id=814"},"modified":"2024-06-21T15:49:48","modified_gmt":"2024-06-21T18:49:48","slug":"regime-de-creditos","status":"publish","type":"page","link":"https:\/\/www.telessaude.uerj.br\/mestrado\/regime-de-creditos\/","title":{"rendered":"REGIME DE CR\u00c9DITOS"},"content":{"rendered":"<p class=\"titulo\"><img loading=\"lazy\" decoding=\"async\" class=\"aligncenter wp-image-4399\" src=\"https:\/\/www.telessaude.uerj.br\/mestrado\/wp-content\/uploads\/sites\/3\/2023\/09\/vecteezy_number-25-3d-render-with-diamond-material_22946222_212-150x150.png\" alt=\"\" width=\"170\" height=\"170\" srcset=\"https:\/\/www.telessaude.uerj.br\/mestrado\/wp-content\/uploads\/sites\/3\/2023\/09\/vecteezy_number-25-3d-render-with-diamond-material_22946222_212-150x150.png 150w, https:\/\/www.telessaude.uerj.br\/mestrado\/wp-content\/uploads\/sites\/3\/2023\/09\/vecteezy_number-25-3d-render-with-diamond-material_22946222_212-300x300.png 300w, https:\/\/www.telessaude.uerj.br\/mestrado\/wp-content\/uploads\/sites\/3\/2023\/09\/vecteezy_number-25-3d-render-with-diamond-material_22946222_212-768x768.png 768w, https:\/\/www.telessaude.uerj.br\/mestrado\/wp-content\/uploads\/sites\/3\/2023\/09\/vecteezy_number-25-3d-render-with-diamond-material_22946222_212.png 1000w\" sizes=\"auto, (max-width: 170px) 100vw, 170px\" \/><\/p>\n<p><span style=\"color: #000000\">A unidade b\u00e1sica de avalia\u00e7\u00e3o \u00e9 o cr\u00e9dito, em conformidade com as normas em vigor na UERJ.<\/span><\/p>\n<p><span style=\"color: #000000\">S\u00e3o necess\u00e1rios <strong>25 cr\u00e9ditos para integralizar o Mestrado Profissional em Telessa\u00fade e Sa\u00fade Digital<\/strong> que s\u00e3o divididos por disciplinas obrigat\u00f3rias, eletivas e por atividades complementares discriminadas no Regimento Interno.<\/span><\/p>\n<p><span style=\"color: #000000\">O Regimento Interno est\u00e1 dispon\u00edvel na \u00e1rea restrita do Curso.<\/span><\/p>\n<p style=\"text-align: justify\">\n","protected":false},"excerpt":{"rendered":"<p>A unidade b\u00e1sica de avalia\u00e7\u00e3o \u00e9 o cr\u00e9dito, em conformidade com as normas em vigor na UERJ. S\u00e3o necess\u00e1rios 25 [&hellip;]<\/p>\n","protected":false},"author":1,"featured_media":0,"parent":0,"menu_order":0,"comment_status":"closed","ping_status":"closed","template":"","meta":{"_monsterinsights_skip_tracking":false,"_monsterinsights_sitenote_active":false,"_monsterinsights_sitenote_note":"","_monsterinsights_sitenote_category":0,"footnotes":""},"class_list":["post-814","page","type-page","status-publish","hentry"],"aioseo_notices":[],"_links":{"self":[{"href":"https:\/\/www.telessaude.uerj.br\/mestrado\/wp-json\/wp\/v2\/pages\/814","targetHints":{"allow":["GET"]}}],"collection":[{"href":"https:\/\/www.telessaude.uerj.br\/mestrado\/wp-json\/wp\/v2\/pages"}],"about":[{"href":"https:\/\/www.telessaude.uerj.br\/mestrado\/wp-json\/wp\/v2\/types\/page"}],"author":[{"embeddable":true,"href":"https:\/\/www.telessaude.uerj.br\/mestrado\/wp-json\/wp\/v2\/users\/1"}],"replies":[{"embeddable":true,"href":"https:\/\/www.telessaude.uerj.br\/mestrado\/wp-json\/wp\/v2\/comments?post=814"}],"version-history":[{"count":2,"href":"https:\/\/www.telessaude.uerj.br\/mestrado\/wp-json\/wp\/v2\/pages\/814\/revisions"}],"predecessor-version":[{"id":4694,"href":"https:\/\/www.telessaude.uerj.br\/mestrado\/wp-json\/wp\/v2\/pages\/814\/revisions\/4694"}],"wp:attachment":[{"href":"https:\/\/www.telessaude.uerj.br\/mestrado\/wp-json\/wp\/v2\/media?parent=814"}],"curies":[{"name":"wp","href":"https:\/\/api.w.org\/{rel}","templated":true}]}}