{"id":923,"date":"2022-08-18T15:12:14","date_gmt":"2022-08-18T18:12:14","guid":{"rendered":"https:\/\/www.telessaude.uerj.br\/saude3d\/?page_id=923"},"modified":"2023-11-30T10:52:30","modified_gmt":"2023-11-30T13:52:30","slug":"alunos-graduacao","status":"publish","type":"page","link":"https:\/\/www.telessaude.uerj.br\/saude3d\/alunos-graduacao\/","title":{"rendered":"PROJETOS E PROGRAMAS PARCEIROS NA GRADUA\u00c7\u00c3O"},"content":{"rendered":"<h1 class=\"wp-block wp-block-post-title block-editor-block-list__block editor-post-title editor-post-title__input rich-text is-selected\" role=\"textbox\" aria-label=\"Adicionar t\u00edtulo\">\u00a0<\/h1>\n<ul>\n<li>Programa de Extens\u00e3o em Telessa\u00fade e Sa\u00fade Digital<br \/><br \/><\/li>\n<li>Projeto de Inicia\u00e7\u00e3o Cient\u00edfica em Telessa\u00fade e Sa\u00fade Digital<br \/><br \/><\/li>\n<li>Projeto de Inicia\u00e7\u00e3o Tecn\u00f3l\u00f3gica em Telessa\u00fade e Sa\u00fade Digital<\/li>\n<\/ul>\n<h4>\u00a0<\/h4>\n\n<table id=\"tablepress-6\" class=\"tablepress tablepress-id-6\">\n<thead>\n<tr class=\"row-1\">\n\t<th class=\"column-1\"><strong>ALUNOS GRADUA\u00c7\u00c3O<\/strong><\/th><th class=\"column-2\"><strong>MODALIDADE<\/strong><\/th><th class=\"column-3\"><strong>ORIENTADOR<\/strong><\/th>\n<\/tr>\n<\/thead>\n<tbody>\n<tr class=\"row-2\">\n\t<td class=\"column-1\">Beatriz Calsolari<\/td><td class=\"column-2\">PIBIC | UERJ<\/td><td class=\"column-3\">Alexandra Monteiro <\/td>\n<\/tr>\n<tr class=\"row-3\">\n\t<td class=\"column-1\">Daniel Kampffe<\/td><td class=\"column-2\">PIBIT | IME<\/td><td class=\"column-3\">Alexandra Monteiro<\/td>\n<\/tr>\n<tr class=\"row-4\">\n\t<td class=\"column-1\">Dayane Figueiredo<\/td><td class=\"column-2\">PIBIC | CNPQ<\/td><td class=\"column-3\">Alexandra Monteiro <\/td>\n<\/tr>\n<tr class=\"row-5\">\n\t<td class=\"column-1\">Iasmin Louren\u00e7o <\/td><td class=\"column-2\">PIBIC | CNPQ<\/td><td class=\"column-3\">Alexandra Monteiro <\/td>\n<\/tr>\n<tr class=\"row-6\">\n\t<td class=\"column-1\">Pedro Luiz Gouvea<\/td><td class=\"column-2\">PIBIC | UERJ<\/td><td class=\"column-3\">Alexandra Monteiro <\/td>\n<\/tr>\n<tr class=\"row-7\">\n\t<td class=\"column-1\">Renato de Oliveira <\/td><td class=\"column-2\">PIBIT | CNPq<\/td><td class=\"column-3\">Eduardo Torres<\/td>\n<\/tr>\n<\/tbody>\n<\/table>\n\n<p>\u00a0<\/p>\n\n\n<p><\/p>\n","protected":false},"excerpt":{"rendered":"<p>\u00a0 Programa de Extens\u00e3o em Telessa\u00fade e Sa\u00fade Digital Projeto de Inicia\u00e7\u00e3o Cient\u00edfica em Telessa\u00fade e Sa\u00fade Digital Projeto de [&hellip;]<\/p>\n","protected":false},"author":4,"featured_media":0,"parent":0,"menu_order":0,"comment_status":"closed","ping_status":"closed","template":"","meta":{"_monsterinsights_skip_tracking":false,"_monsterinsights_sitenote_active":false,"_monsterinsights_sitenote_note":"","_monsterinsights_sitenote_category":0,"footnotes":""},"class_list":["post-923","page","type-page","status-publish","hentry"],"aioseo_notices":[],"_links":{"self":[{"href":"https:\/\/www.telessaude.uerj.br\/saude3d\/wp-json\/wp\/v2\/pages\/923","targetHints":{"allow":["GET"]}}],"collection":[{"href":"https:\/\/www.telessaude.uerj.br\/saude3d\/wp-json\/wp\/v2\/pages"}],"about":[{"href":"https:\/\/www.telessaude.uerj.br\/saude3d\/wp-json\/wp\/v2\/types\/page"}],"author":[{"embeddable":true,"href":"https:\/\/www.telessaude.uerj.br\/saude3d\/wp-json\/wp\/v2\/users\/4"}],"replies":[{"embeddable":true,"href":"https:\/\/www.telessaude.uerj.br\/saude3d\/wp-json\/wp\/v2\/comments?post=923"}],"version-history":[{"count":1,"href":"https:\/\/www.telessaude.uerj.br\/saude3d\/wp-json\/wp\/v2\/pages\/923\/revisions"}],"predecessor-version":[{"id":1222,"href":"https:\/\/www.telessaude.uerj.br\/saude3d\/wp-json\/wp\/v2\/pages\/923\/revisions\/1222"}],"wp:attachment":[{"href":"https:\/\/www.telessaude.uerj.br\/saude3d\/wp-json\/wp\/v2\/media?parent=923"}],"curies":[{"name":"wp","href":"https:\/\/api.w.org\/{rel}","templated":true}]}}