{"id":2027,"date":"2020-08-07T15:47:06","date_gmt":"2020-08-07T18:47:06","guid":{"rendered":"https:\/\/www.telessaude.uerj.br\/site\/?page_id=2027"},"modified":"2020-08-07T15:52:16","modified_gmt":"2020-08-07T18:52:16","slug":"informacoes-gerais","status":"publish","type":"page","link":"https:\/\/www.telessaude.uerj.br\/site\/informacoes-gerais\/","title":{"rendered":"Informa\u00e7\u00f5es gerais"},"content":{"rendered":"<h1>Informa\u00e7\u00f5es gerais<\/h1>\n<h4 class=\"panel-title\">SOBRE OS CURSOS:<\/h4>\n<h4 class=\"panel-title\">Como participar<\/h4>\n<p>Para participar dos cursos \u00e9 necess\u00e1rio ser cadastrado no Telessa\u00fade UERJ. <a href=\"https:\/\/www.telessaude.uerj.br\/portal\/cadastro\/\" target=\"_blank\" rel=\"noopener noreferrer\">Clique aqui<\/a>\u00a0e fa\u00e7a seu cadastro.<br \/>\nEm caso de dificuldades no cadastramento, assista o v\u00eddeo: <a href=\"https:\/\/youtu.be\/CXFl5PDVA4U\" target=\"_blank\" rel=\"noopener noreferrer\">Como se inscrever na plataforma?<\/a>.<\/p>\n<h4>Como funcionam<\/h4>\n<p>Os cursos est\u00e3o divididos em cinco m\u00f3dulos. Ao final de cada m\u00f3dulo h\u00e1 uma prova de m\u00faltipla escolha, composta por seis quest\u00f5es, com cinco alternativas cada.<b>\u00a0Para avan\u00e7ar de m\u00f3dulo, o aluno deve acertar no m\u00ednimo 4 quest\u00f5es.<\/b><\/p>\n<h4>O que \u00e9 preciso para assistir as aulas<\/h4>\n<p>\u2022\u00a0 Acesso a internet banda larga;<br \/>\n\u2022\u00a0 Caixas de som ou alguma sa\u00edda de \u00e1udio;<\/p>\n<h4>Crit\u00e9rios para aprova\u00e7\u00e3o<\/h4>\n<p>Para ser aprovado e ter direito ao certificado, o participante dever\u00e1 obter nota igual ou superior a 70% de aproveitamento no total do curso.<\/p>\n<h4>\u00c9 poss\u00edvel baixar o conte\u00fado?<\/h4>\n<p>As aulas n\u00e3o podem ser gravadas, nem reproduzidas e n\u00e3o podem ser efetuados downloads. O material de apoio se destina ao uso pessoal, para fins educacionais, e n\u00e3o comercial por parte de seus usu\u00e1rios.<\/p>\n<h4>Prazo para conclus\u00e3o<\/h4>\n<p>A partir da data de inscri\u00e7\u00e3o voc\u00ea tem 30 (cursos de 15h) ou 15 dias (cursos de 3h) para concluir o curso.<\/p>\n<h4>Carga hor\u00e1ria<\/h4>\n<p>Os cursos de atualiza\u00e7\u00e3o possuem carga hor\u00e1ria de 15h.<\/p>\n<h4>Como obter o certificado<\/h4>\n<p>Depois de ser aprovado, o aluno poder\u00e1 obter o certificado na pr\u00f3pria p\u00e1gina do curso. Ele tamb\u00e9m ser\u00e1 enviado por e-mail.<\/p>\n<h4>Quem pode participar<\/h4>\n<p>Os cursos de atualiza\u00e7\u00e3o s\u00e3o voltados para profissionais de sa\u00fade que atuem na aten\u00e7\u00e3o b\u00e1sica.<\/p>\n<h4>Onde ocorre o curso<\/h4>\n<p>Todo o curso \u00e9 realizado atrav\u00e9s da Plataforma Colaborativa do Telessa\u00fade UERJ.<\/p>\n<h2><a href=\"https:\/\/www.telessaude.uerj.br\/teleeducacao\/\">ACESSE A PLATAFORMA \u00a0<\/a><\/h2>\n","protected":false},"excerpt":{"rendered":"<p>Informa\u00e7\u00f5es gerais SOBRE OS CURSOS: Como participar Para participar dos cursos \u00e9 necess\u00e1rio ser cadastrado no Telessa\u00fade UERJ. Clique aqui\u00a0e [&hellip;]<\/p>\n","protected":false},"author":3,"featured_media":0,"parent":0,"menu_order":0,"comment_status":"closed","ping_status":"closed","template":"","meta":{"_monsterinsights_skip_tracking":false,"_monsterinsights_sitenote_active":false,"_monsterinsights_sitenote_note":"","_monsterinsights_sitenote_category":0,"footnotes":""},"class_list":["post-2027","page","type-page","status-publish","hentry"],"aioseo_notices":[],"_links":{"self":[{"href":"https:\/\/www.telessaude.uerj.br\/site\/wp-json\/wp\/v2\/pages\/2027","targetHints":{"allow":["GET"]}}],"collection":[{"href":"https:\/\/www.telessaude.uerj.br\/site\/wp-json\/wp\/v2\/pages"}],"about":[{"href":"https:\/\/www.telessaude.uerj.br\/site\/wp-json\/wp\/v2\/types\/page"}],"author":[{"embeddable":true,"href":"https:\/\/www.telessaude.uerj.br\/site\/wp-json\/wp\/v2\/users\/3"}],"replies":[{"embeddable":true,"href":"https:\/\/www.telessaude.uerj.br\/site\/wp-json\/wp\/v2\/comments?post=2027"}],"version-history":[{"count":0,"href":"https:\/\/www.telessaude.uerj.br\/site\/wp-json\/wp\/v2\/pages\/2027\/revisions"}],"wp:attachment":[{"href":"https:\/\/www.telessaude.uerj.br\/site\/wp-json\/wp\/v2\/media?parent=2027"}],"curies":[{"name":"wp","href":"https:\/\/api.w.org\/{rel}","templated":true}]}}