{"id":2888,"date":"2023-08-30T15:41:26","date_gmt":"2023-08-30T18:41:26","guid":{"rendered":"https:\/\/www.telessaude.uerj.br\/site\/?page_id=2888"},"modified":"2026-01-26T15:55:51","modified_gmt":"2026-01-26T18:55:51","slug":"premios-graduacao","status":"publish","type":"page","link":"https:\/\/www.telessaude.uerj.br\/site\/premios-graduacao\/","title":{"rendered":"Pr\u00eamios Gradua\u00e7\u00e3o"},"content":{"rendered":"<p><img loading=\"lazy\" decoding=\"async\" class=\"alignnone wp-image-3579 size-large\" src=\"https:\/\/www.telessaude.uerj.br\/site\/wp-content\/uploads\/sites\/4\/2026\/01\/iasmincertificaIC-1024x768.jpg\" alt=\"\" width=\"780\" height=\"585\" srcset=\"https:\/\/www.telessaude.uerj.br\/site\/wp-content\/uploads\/sites\/4\/2026\/01\/iasmincertificaIC-1024x768.jpg 1024w, https:\/\/www.telessaude.uerj.br\/site\/wp-content\/uploads\/sites\/4\/2026\/01\/iasmincertificaIC-300x225.jpg 300w, https:\/\/www.telessaude.uerj.br\/site\/wp-content\/uploads\/sites\/4\/2026\/01\/iasmincertificaIC-768x576.jpg 768w, https:\/\/www.telessaude.uerj.br\/site\/wp-content\/uploads\/sites\/4\/2026\/01\/iasmincertificaIC.jpg 1280w\" sizes=\"auto, (max-width: 780px) 100vw, 780px\" \/><\/p>\n<hr \/>\n<p><img loading=\"lazy\" decoding=\"async\" class=\"alignnone wp-image-3521 size-large\" src=\"https:\/\/www.telessaude.uerj.br\/site\/wp-content\/uploads\/sites\/4\/2025\/09\/premioyas-1024x769.jpg\" alt=\"\" width=\"780\" height=\"586\" srcset=\"https:\/\/www.telessaude.uerj.br\/site\/wp-content\/uploads\/sites\/4\/2025\/09\/premioyas-1024x769.jpg 1024w, https:\/\/www.telessaude.uerj.br\/site\/wp-content\/uploads\/sites\/4\/2025\/09\/premioyas-300x225.jpg 300w, https:\/\/www.telessaude.uerj.br\/site\/wp-content\/uploads\/sites\/4\/2025\/09\/premioyas-768x576.jpg 768w, https:\/\/www.telessaude.uerj.br\/site\/wp-content\/uploads\/sites\/4\/2025\/09\/premioyas-1536x1153.jpg 1536w, https:\/\/www.telessaude.uerj.br\/site\/wp-content\/uploads\/sites\/4\/2025\/09\/premioyas.jpg 1600w\" sizes=\"auto, (max-width: 780px) 100vw, 780px\" \/><\/p>\n<p><img loading=\"lazy\" decoding=\"async\" class=\"alignnone wp-image-3519 size-large\" src=\"https:\/\/www.telessaude.uerj.br\/site\/wp-content\/uploads\/sites\/4\/2025\/09\/premiomaria-1-1024x555.jpeg\" alt=\"\" width=\"780\" height=\"423\" srcset=\"https:\/\/www.telessaude.uerj.br\/site\/wp-content\/uploads\/sites\/4\/2025\/09\/premiomaria-1-1024x555.jpeg 1024w, https:\/\/www.telessaude.uerj.br\/site\/wp-content\/uploads\/sites\/4\/2025\/09\/premiomaria-1-300x163.jpeg 300w, https:\/\/www.telessaude.uerj.br\/site\/wp-content\/uploads\/sites\/4\/2025\/09\/premiomaria-1-768x416.jpeg 768w, https:\/\/www.telessaude.uerj.br\/site\/wp-content\/uploads\/sites\/4\/2025\/09\/premiomaria-1.jpeg 1080w\" sizes=\"auto, (max-width: 780px) 100vw, 780px\" \/><\/p>\n<p><img loading=\"lazy\" decoding=\"async\" class=\"alignnone wp-image-3517 size-large\" src=\"https:\/\/www.telessaude.uerj.br\/site\/wp-content\/uploads\/sites\/4\/2025\/09\/medalha2-1024x721.jpg\" alt=\"\" width=\"780\" height=\"549\" srcset=\"https:\/\/www.telessaude.uerj.br\/site\/wp-content\/uploads\/sites\/4\/2025\/09\/medalha2-1024x721.jpg 1024w, https:\/\/www.telessaude.uerj.br\/site\/wp-content\/uploads\/sites\/4\/2025\/09\/medalha2-300x211.jpg 300w, https:\/\/www.telessaude.uerj.br\/site\/wp-content\/uploads\/sites\/4\/2025\/09\/medalha2-768x541.jpg 768w, https:\/\/www.telessaude.uerj.br\/site\/wp-content\/uploads\/sites\/4\/2025\/09\/medalha2.jpg 1280w\" sizes=\"auto, (max-width: 780px) 100vw, 780px\" \/><\/p>\n<p><img loading=\"lazy\" decoding=\"async\" class=\"alignnone wp-image-3450 size-large\" src=\"https:\/\/www.telessaude.uerj.br\/site\/wp-content\/uploads\/sites\/4\/2025\/05\/premioiasmin-2-1024x749.jpeg\" alt=\"\" width=\"780\" height=\"571\" srcset=\"https:\/\/www.telessaude.uerj.br\/site\/wp-content\/uploads\/sites\/4\/2025\/05\/premioiasmin-2-1024x749.jpeg 1024w, https:\/\/www.telessaude.uerj.br\/site\/wp-content\/uploads\/sites\/4\/2025\/05\/premioiasmin-2-300x220.jpeg 300w, https:\/\/www.telessaude.uerj.br\/site\/wp-content\/uploads\/sites\/4\/2025\/05\/premioiasmin-2-768x562.jpeg 768w, https:\/\/www.telessaude.uerj.br\/site\/wp-content\/uploads\/sites\/4\/2025\/05\/premioiasmin-2-1536x1124.jpeg 1536w, https:\/\/www.telessaude.uerj.br\/site\/wp-content\/uploads\/sites\/4\/2025\/05\/premioiasmin-2-370x270.jpeg 370w, https:\/\/www.telessaude.uerj.br\/site\/wp-content\/uploads\/sites\/4\/2025\/05\/premioiasmin-2.jpeg 1600w\" sizes=\"auto, (max-width: 780px) 100vw, 780px\" \/><\/p>\n<p><img loading=\"lazy\" decoding=\"async\" class=\"alignnone wp-image-3083\" src=\"https:\/\/www.telessaude.uerj.br\/site\/wp-content\/uploads\/sites\/4\/2024\/01\/CREMERJ-SAUDE3D.png\" alt=\"\" width=\"780\" height=\"551\" srcset=\"https:\/\/www.telessaude.uerj.br\/site\/wp-content\/uploads\/sites\/4\/2024\/01\/CREMERJ-SAUDE3D.png 1500w, https:\/\/www.telessaude.uerj.br\/site\/wp-content\/uploads\/sites\/4\/2024\/01\/CREMERJ-SAUDE3D-300x212.png 300w, https:\/\/www.telessaude.uerj.br\/site\/wp-content\/uploads\/sites\/4\/2024\/01\/CREMERJ-SAUDE3D-1024x723.png 1024w, https:\/\/www.telessaude.uerj.br\/site\/wp-content\/uploads\/sites\/4\/2024\/01\/CREMERJ-SAUDE3D-768x542.png 768w\" sizes=\"auto, (max-width: 780px) 100vw, 780px\" \/><\/p>\n<p><img loading=\"lazy\" decoding=\"async\" class=\"alignnone wp-image-2921\" src=\"https:\/\/www.telessaude.uerj.br\/site\/wp-content\/uploads\/sites\/4\/2023\/09\/Captura-de-Tela-2023-09-21-as-10.45.49.png\" alt=\"\" width=\"780\" height=\"550\" srcset=\"https:\/\/www.telessaude.uerj.br\/site\/wp-content\/uploads\/sites\/4\/2023\/09\/Captura-de-Tela-2023-09-21-as-10.45.49.png 1121w, https:\/\/www.telessaude.uerj.br\/site\/wp-content\/uploads\/sites\/4\/2023\/09\/Captura-de-Tela-2023-09-21-as-10.45.49-300x212.png 300w, https:\/\/www.telessaude.uerj.br\/site\/wp-content\/uploads\/sites\/4\/2023\/09\/Captura-de-Tela-2023-09-21-as-10.45.49-1024x723.png 1024w, https:\/\/www.telessaude.uerj.br\/site\/wp-content\/uploads\/sites\/4\/2023\/09\/Captura-de-Tela-2023-09-21-as-10.45.49-768x542.png 768w\" sizes=\"auto, (max-width: 780px) 100vw, 780px\" \/><\/p>\n<p><img loading=\"lazy\" decoding=\"async\" class=\"alignnone wp-image-3035\" src=\"https:\/\/www.telessaude.uerj.br\/site\/wp-content\/uploads\/sites\/4\/2023\/12\/AUTHOR-2023-SILVER-MEDALpdf.jpg\" alt=\"\" width=\"780\" height=\"496\" srcset=\"https:\/\/www.telessaude.uerj.br\/site\/wp-content\/uploads\/sites\/4\/2023\/12\/AUTHOR-2023-SILVER-MEDALpdf.jpg 1500w, https:\/\/www.telessaude.uerj.br\/site\/wp-content\/uploads\/sites\/4\/2023\/12\/AUTHOR-2023-SILVER-MEDALpdf-300x191.jpg 300w, https:\/\/www.telessaude.uerj.br\/site\/wp-content\/uploads\/sites\/4\/2023\/12\/AUTHOR-2023-SILVER-MEDALpdf-1024x651.jpg 1024w, https:\/\/www.telessaude.uerj.br\/site\/wp-content\/uploads\/sites\/4\/2023\/12\/AUTHOR-2023-SILVER-MEDALpdf-768x488.jpg 768w\" sizes=\"auto, (max-width: 780px) 100vw, 780px\" \/><\/p>\n<p><img loading=\"lazy\" decoding=\"async\" class=\"alignnone wp-image-2910 size-large\" src=\"https:\/\/www.telessaude.uerj.br\/site\/wp-content\/uploads\/sites\/4\/2023\/09\/saude3d-1024x724.jpg\" alt=\"\" width=\"780\" height=\"551\" srcset=\"https:\/\/www.telessaude.uerj.br\/site\/wp-content\/uploads\/sites\/4\/2023\/09\/saude3d-1024x724.jpg 1024w, https:\/\/www.telessaude.uerj.br\/site\/wp-content\/uploads\/sites\/4\/2023\/09\/saude3d-300x212.jpg 300w, https:\/\/www.telessaude.uerj.br\/site\/wp-content\/uploads\/sites\/4\/2023\/09\/saude3d-768x543.jpg 768w, https:\/\/www.telessaude.uerj.br\/site\/wp-content\/uploads\/sites\/4\/2023\/09\/saude3d.jpg 1500w\" sizes=\"auto, (max-width: 780px) 100vw, 780px\" \/><\/p>\n<p><img loading=\"lazy\" decoding=\"async\" class=\"alignnone wp-image-2905 size-large\" src=\"https:\/\/www.telessaude.uerj.br\/site\/wp-content\/uploads\/sites\/4\/2023\/08\/Certificado-de-Medalha-de-Ouro-1024x724.jpg\" alt=\"\" width=\"780\" height=\"551\" srcset=\"https:\/\/www.telessaude.uerj.br\/site\/wp-content\/uploads\/sites\/4\/2023\/08\/Certificado-de-Medalha-de-Ouro-1024x724.jpg 1024w, https:\/\/www.telessaude.uerj.br\/site\/wp-content\/uploads\/sites\/4\/2023\/08\/Certificado-de-Medalha-de-Ouro-300x212.jpg 300w, https:\/\/www.telessaude.uerj.br\/site\/wp-content\/uploads\/sites\/4\/2023\/08\/Certificado-de-Medalha-de-Ouro-768x543.jpg 768w, https:\/\/www.telessaude.uerj.br\/site\/wp-content\/uploads\/sites\/4\/2023\/08\/Certificado-de-Medalha-de-Ouro.jpg 1500w\" sizes=\"auto, (max-width: 780px) 100vw, 780px\" \/><\/p>\n<p><img loading=\"lazy\" decoding=\"async\" class=\"alignnone wp-image-2889 size-large\" src=\"https:\/\/www.telessaude.uerj.br\/site\/wp-content\/uploads\/sites\/4\/2023\/08\/3o-lugar_PIBITI_Fabio-Henrique-Cardoso-1024x708.jpg\" alt=\"\" width=\"780\" height=\"539\" srcset=\"https:\/\/www.telessaude.uerj.br\/site\/wp-content\/uploads\/sites\/4\/2023\/08\/3o-lugar_PIBITI_Fabio-Henrique-Cardoso-1024x708.jpg 1024w, https:\/\/www.telessaude.uerj.br\/site\/wp-content\/uploads\/sites\/4\/2023\/08\/3o-lugar_PIBITI_Fabio-Henrique-Cardoso-300x208.jpg 300w, https:\/\/www.telessaude.uerj.br\/site\/wp-content\/uploads\/sites\/4\/2023\/08\/3o-lugar_PIBITI_Fabio-Henrique-Cardoso-768x531.jpg 768w, https:\/\/www.telessaude.uerj.br\/site\/wp-content\/uploads\/sites\/4\/2023\/08\/3o-lugar_PIBITI_Fabio-Henrique-Cardoso-1536x1063.jpg 1536w, https:\/\/www.telessaude.uerj.br\/site\/wp-content\/uploads\/sites\/4\/2023\/08\/3o-lugar_PIBITI_Fabio-Henrique-Cardoso-2048x1417.jpg 2048w\" sizes=\"auto, (max-width: 780px) 100vw, 780px\" \/><\/p>\n<p><img loading=\"lazy\" decoding=\"async\" class=\"alignnone wp-image-2906 size-large\" src=\"https:\/\/www.telessaude.uerj.br\/site\/wp-content\/uploads\/sites\/4\/2023\/08\/E9-Beatriz-Ranha-1024x724.jpg\" alt=\"\" width=\"780\" height=\"551\" srcset=\"https:\/\/www.telessaude.uerj.br\/site\/wp-content\/uploads\/sites\/4\/2023\/08\/E9-Beatriz-Ranha-1024x724.jpg 1024w, https:\/\/www.telessaude.uerj.br\/site\/wp-content\/uploads\/sites\/4\/2023\/08\/E9-Beatriz-Ranha-300x212.jpg 300w, https:\/\/www.telessaude.uerj.br\/site\/wp-content\/uploads\/sites\/4\/2023\/08\/E9-Beatriz-Ranha-768x543.jpg 768w, https:\/\/www.telessaude.uerj.br\/site\/wp-content\/uploads\/sites\/4\/2023\/08\/E9-Beatriz-Ranha.jpg 1500w\" sizes=\"auto, (max-width: 780px) 100vw, 780px\" \/><\/p>\n<p><img loading=\"lazy\" decoding=\"async\" class=\"alignnone wp-image-2890\" src=\"https:\/\/www.telessaude.uerj.br\/site\/wp-content\/uploads\/sites\/4\/2023\/08\/certificado-premiacao-2018-Gabriella-Souza-Ehms-de-Abreu-2-lugar-724x1024.jpg\" alt=\"\" width=\"495\" height=\"700\" srcset=\"https:\/\/www.telessaude.uerj.br\/site\/wp-content\/uploads\/sites\/4\/2023\/08\/certificado-premiacao-2018-Gabriella-Souza-Ehms-de-Abreu-2-lugar-724x1024.jpg 724w, https:\/\/www.telessaude.uerj.br\/site\/wp-content\/uploads\/sites\/4\/2023\/08\/certificado-premiacao-2018-Gabriella-Souza-Ehms-de-Abreu-2-lugar-212x300.jpg 212w, https:\/\/www.telessaude.uerj.br\/site\/wp-content\/uploads\/sites\/4\/2023\/08\/certificado-premiacao-2018-Gabriella-Souza-Ehms-de-Abreu-2-lugar-768x1086.jpg 768w, https:\/\/www.telessaude.uerj.br\/site\/wp-content\/uploads\/sites\/4\/2023\/08\/certificado-premiacao-2018-Gabriella-Souza-Ehms-de-Abreu-2-lugar-1086x1536.jpg 1086w, https:\/\/www.telessaude.uerj.br\/site\/wp-content\/uploads\/sites\/4\/2023\/08\/certificado-premiacao-2018-Gabriella-Souza-Ehms-de-Abreu-2-lugar-1448x2048.jpg 1448w, https:\/\/www.telessaude.uerj.br\/site\/wp-content\/uploads\/sites\/4\/2023\/08\/certificado-premiacao-2018-Gabriella-Souza-Ehms-de-Abreu-2-lugar-scaled.jpg 1810w\" sizes=\"auto, (max-width: 495px) 100vw, 495px\" \/><\/p>\n<p><img loading=\"lazy\" decoding=\"async\" class=\"alignnone wp-image-2891\" src=\"https:\/\/www.telessaude.uerj.br\/site\/wp-content\/uploads\/sites\/4\/2023\/08\/Declaracao_Mencao-Honrosa-2013-Munique-Valerio-Bara-dos-Santos-733x1024.jpg\" alt=\"\" width=\"501\" height=\"700\" srcset=\"https:\/\/www.telessaude.uerj.br\/site\/wp-content\/uploads\/sites\/4\/2023\/08\/Declaracao_Mencao-Honrosa-2013-Munique-Valerio-Bara-dos-Santos-733x1024.jpg 733w, https:\/\/www.telessaude.uerj.br\/site\/wp-content\/uploads\/sites\/4\/2023\/08\/Declaracao_Mencao-Honrosa-2013-Munique-Valerio-Bara-dos-Santos-215x300.jpg 215w, https:\/\/www.telessaude.uerj.br\/site\/wp-content\/uploads\/sites\/4\/2023\/08\/Declaracao_Mencao-Honrosa-2013-Munique-Valerio-Bara-dos-Santos-768x1073.jpg 768w, https:\/\/www.telessaude.uerj.br\/site\/wp-content\/uploads\/sites\/4\/2023\/08\/Declaracao_Mencao-Honrosa-2013-Munique-Valerio-Bara-dos-Santos-1099x1536.jpg 1099w, https:\/\/www.telessaude.uerj.br\/site\/wp-content\/uploads\/sites\/4\/2023\/08\/Declaracao_Mencao-Honrosa-2013-Munique-Valerio-Bara-dos-Santos-1465x2048.jpg 1465w, https:\/\/www.telessaude.uerj.br\/site\/wp-content\/uploads\/sites\/4\/2023\/08\/Declaracao_Mencao-Honrosa-2013-Munique-Valerio-Bara-dos-Santos-scaled.jpg 1832w\" sizes=\"auto, (max-width: 501px) 100vw, 501px\" \/><\/p>\n<p><img loading=\"lazy\" decoding=\"async\" class=\"alignnone size-full wp-image-2901\" src=\"https:\/\/www.telessaude.uerj.br\/site\/wp-content\/uploads\/sites\/4\/2023\/08\/WP_0005222-copiar.jpg\" alt=\"\" width=\"700\" height=\"504\" srcset=\"https:\/\/www.telessaude.uerj.br\/site\/wp-content\/uploads\/sites\/4\/2023\/08\/WP_0005222-copiar.jpg 700w, https:\/\/www.telessaude.uerj.br\/site\/wp-content\/uploads\/sites\/4\/2023\/08\/WP_0005222-copiar-300x216.jpg 300w\" sizes=\"auto, (max-width: 700px) 100vw, 700px\" \/><\/p>\n","protected":false},"excerpt":{"rendered":"","protected":false},"author":4,"featured_media":0,"parent":0,"menu_order":0,"comment_status":"closed","ping_status":"closed","template":"","meta":{"_monsterinsights_skip_tracking":false,"_monsterinsights_sitenote_active":false,"_monsterinsights_sitenote_note":"","_monsterinsights_sitenote_category":0,"footnotes":""},"class_list":["post-2888","page","type-page","status-publish","hentry"],"aioseo_notices":[],"_links":{"self":[{"href":"https:\/\/www.telessaude.uerj.br\/site\/wp-json\/wp\/v2\/pages\/2888","targetHints":{"allow":["GET"]}}],"collection":[{"href":"https:\/\/www.telessaude.uerj.br\/site\/wp-json\/wp\/v2\/pages"}],"about":[{"href":"https:\/\/www.telessaude.uerj.br\/site\/wp-json\/wp\/v2\/types\/page"}],"author":[{"embeddable":true,"href":"https:\/\/www.telessaude.uerj.br\/site\/wp-json\/wp\/v2\/users\/4"}],"replies":[{"embeddable":true,"href":"https:\/\/www.telessaude.uerj.br\/site\/wp-json\/wp\/v2\/comments?post=2888"}],"version-history":[{"count":1,"href":"https:\/\/www.telessaude.uerj.br\/site\/wp-json\/wp\/v2\/pages\/2888\/revisions"}],"predecessor-version":[{"id":3581,"href":"https:\/\/www.telessaude.uerj.br\/site\/wp-json\/wp\/v2\/pages\/2888\/revisions\/3581"}],"wp:attachment":[{"href":"https:\/\/www.telessaude.uerj.br\/site\/wp-json\/wp\/v2\/media?parent=2888"}],"curies":[{"name":"wp","href":"https:\/\/api.w.org\/{rel}","templated":true}]}}