{"id":3211,"date":"2024-08-09T14:23:27","date_gmt":"2024-08-09T17:23:27","guid":{"rendered":"https:\/\/www.telessaude.uerj.br\/site\/?page_id=3211"},"modified":"2024-08-09T14:54:31","modified_gmt":"2024-08-09T17:54:31","slug":"ministerio-saude","status":"publish","type":"page","link":"https:\/\/www.telessaude.uerj.br\/site\/ministerio-saude\/","title":{"rendered":"Minist\u00e9rio da Sa\u00fade"},"content":{"rendered":"\n<ul class=\"wp-block-list\" id=\"block-6914d825-41b9-47e0-82b2-2c0535034c50\">\n<li class=\"has-medium-font-size\"><strong><a href=\"https:\/\/www.in.gov.br\/en\/web\/dou\/-\/portaria-gm\/ms-n-3.233-de-1-de-marco-de-2024-546282453\">Programa SUS Digital<\/a><\/strong><br><\/li>\n\n\n\n<li class=\"has-medium-font-size\"><a href=\"https:\/\/www.in.gov.br\/en\/web\/dou\/-\/portaria-gm\/ms-n-3.233-de-1-de-marco-de-2024-546282453\"><strong>Planejamento Etapa 1 do Programa SUS Digital\u00a0<\/strong><\/a><br><\/li>\n\n\n\n<li class=\"has-medium-font-size\"><a href=\"https:\/\/www.in.gov.br\/en\/web\/dou\/-\/portaria-gm\/ms-n-3.526-de-12-de-abril-de-2024-553927231\"><strong>Tipos de Estabelecimento e Descri\u00e7\u00f5es de Servi\u00e7o de Telessa\u00fade<\/strong><\/a><br><\/li>\n\n\n\n<li class=\"has-medium-font-size\"><a href=\"https:\/\/www.in.gov.br\/en\/web\/dou\/-\/portaria-gm\/ms-n-3.564-de-18-de-abril-de-2024-555679304\"><strong>Institui o Laborat\u00f3rio Inova SUS Digital<\/strong><\/a><br><\/li>\n\n\n\n<li class=\"has-medium-font-size\"><a href=\"https:\/\/www.in.gov.br\/en\/web\/dou\/-\/portaria-gm\/ms-n-3.727-de-21-de-maio-de-2024-561237323\"><strong>\u00cdndice Nacional de Maturidade em Sa\u00fade Digital<\/strong><\/a><br><\/li>\n\n\n\n<li class=\"has-medium-font-size\"><a href=\"https:\/\/www.in.gov.br\/en\/web\/dou\/-\/portaria-gm\/ms-n-3.691-de-23-de-maio-de-2024-562742406\"><strong>A\u00e7\u00e3o Estrat\u00e9gica SUS Digital -Telessa\u00fade<\/strong><\/a><br><\/li>\n\n\n\n<li class=\"has-medium-font-size\"><a href=\"https:\/\/www.in.gov.br\/en\/web\/dou\/-\/portaria-gm\/ms-n-4.160-de-7-de-junho-de-2024-565150371\"><strong>Estrutura\u00e7\u00e3o dos Pontos de Telessa\u00fade e &nbsp;eixo da Sa\u00fade no Novo PAC&nbsp;<\/strong><\/a><\/li>\n<\/ul>\n\n\n\n<p id=\"block-cb8b5fd0-8094-4ea9-8d04-e3a2309ab291\"><\/p>\n","protected":false},"excerpt":{"rendered":"","protected":false},"author":4,"featured_media":0,"parent":0,"menu_order":0,"comment_status":"closed","ping_status":"closed","template":"","meta":{"_monsterinsights_skip_tracking":false,"_monsterinsights_sitenote_active":false,"_monsterinsights_sitenote_note":"","_monsterinsights_sitenote_category":0,"footnotes":""},"class_list":["post-3211","page","type-page","status-publish","hentry"],"aioseo_notices":[],"_links":{"self":[{"href":"https:\/\/www.telessaude.uerj.br\/site\/wp-json\/wp\/v2\/pages\/3211","targetHints":{"allow":["GET"]}}],"collection":[{"href":"https:\/\/www.telessaude.uerj.br\/site\/wp-json\/wp\/v2\/pages"}],"about":[{"href":"https:\/\/www.telessaude.uerj.br\/site\/wp-json\/wp\/v2\/types\/page"}],"author":[{"embeddable":true,"href":"https:\/\/www.telessaude.uerj.br\/site\/wp-json\/wp\/v2\/users\/4"}],"replies":[{"embeddable":true,"href":"https:\/\/www.telessaude.uerj.br\/site\/wp-json\/wp\/v2\/comments?post=3211"}],"version-history":[{"count":2,"href":"https:\/\/www.telessaude.uerj.br\/site\/wp-json\/wp\/v2\/pages\/3211\/revisions"}],"predecessor-version":[{"id":3234,"href":"https:\/\/www.telessaude.uerj.br\/site\/wp-json\/wp\/v2\/pages\/3211\/revisions\/3234"}],"wp:attachment":[{"href":"https:\/\/www.telessaude.uerj.br\/site\/wp-json\/wp\/v2\/media?parent=3211"}],"curies":[{"name":"wp","href":"https:\/\/api.w.org\/{rel}","templated":true}]}}

Ministério da Saúde

<ul class="wp-block-list" id="block-6914d825-41b9-47e0-82b2-2c0535034c50">
<li class="has-medium-font-size"><strong><a href="https://www.in.gov.br/en/web/dou/-/portaria-gm/ms-n-3.233-de-1-de-marco-de-2024-546282453">Programa SUS Digital</a></strong><br></li>



<li class="has-medium-font-size"><a href="https://www.in.gov.br/en/web/dou/-/portaria-gm/ms-n-3.233-de-1-de-marco-de-2024-546282453"><strong>Planejamento Etapa 1 do Programa SUS Digital </strong></a><br></li>



<li class="has-medium-font-size"><a href="https://www.in.gov.br/en/web/dou/-/portaria-gm/ms-n-3.526-de-12-de-abril-de-2024-553927231"><strong>Tipos de Estabelecimento e Descrições de Serviço de Telessaúde</strong></a><br></li>



<li class="has-medium-font-size"><a href="https://www.in.gov.br/en/web/dou/-/portaria-gm/ms-n-3.564-de-18-de-abril-de-2024-555679304"><strong>Institui o Laboratório Inova SUS Digital</strong></a><br></li>



<li class="has-medium-font-size"><a href="https://www.in.gov.br/en/web/dou/-/portaria-gm/ms-n-3.727-de-21-de-maio-de-2024-561237323"><strong>Índice Nacional de Maturidade em Saúde Digital</strong></a><br></li>



<li class="has-medium-font-size"><a href="https://www.in.gov.br/en/web/dou/-/portaria-gm/ms-n-3.691-de-23-de-maio-de-2024-562742406"><strong>Ação Estratégica SUS Digital -Telessaúde</strong></a><br></li>



<li class="has-medium-font-size"><a href="https://www.in.gov.br/en/web/dou/-/portaria-gm/ms-n-4.160-de-7-de-junho-de-2024-565150371"><strong>Estruturação dos Pontos de Telessaúde e &nbsp;eixo da Saúde no Novo PAC&nbsp;</strong></a></li>
</ul>



<p id="block-cb8b5fd0-8094-4ea9-8d04-e3a2309ab291"></p>
