{"id":3550,"date":"2025-11-25T11:29:49","date_gmt":"2025-11-25T14:29:49","guid":{"rendered":"https:\/\/www.telessaude.uerj.br\/site\/?page_id=3550"},"modified":"2025-11-25T16:31:39","modified_gmt":"2025-11-25T19:31:39","slug":"pet-saude-digital-processo-seletivo","status":"publish","type":"page","link":"https:\/\/www.telessaude.uerj.br\/site\/pet-saude-digital-processo-seletivo\/","title":{"rendered":"PET-Sa\u00fade Digital  &#8211; Processo Seletivo"},"content":{"rendered":"\r\n<h2 style=\"text-align: center\"><strong>ENCERRADO<\/strong><\/h2>\r\n\r\n<hr \/>\r\n\r\nO Projeto Conecta Sa\u00fade Digital RIO selecionar\u00e1 <strong>70 bolsistas<\/strong> para compor suas equipes. As sele\u00e7\u00f5es s\u00e3o realizadas por meio de editais p\u00fablicos, garantindo transpar\u00eancia e isonomia. Confira as oportunidades abertas e venha construir o futuro da sa\u00fade digital!\r\n\r\n \r\n\r\n<strong>Sele\u00e7\u00e3o para Monitores (Estudantes de Gradua\u00e7\u00e3o e P\u00f3s-Gradua\u00e7\u00e3o)<\/strong>\r\n\r\n \r\n<ul class=\"wp-block-list\">\r\n \t<li><strong>Perfil:<\/strong>\u00a0Alunos de gradua\u00e7\u00e3o (a partir do 4\u00ba per\u00edodo) e p\u00f3s-gradua\u00e7\u00e3o (mestrado\/doutorado) da UERJ dos cursos envolvidos.<\/li>\r\n \r\n \t<li><strong>Vagas:<\/strong>\u00a040 para gradua\u00e7\u00e3o e 10 para p\u00f3s-gradua\u00e7\u00e3o.<\/li>\r\n \r\n \t<li><strong>Atribui\u00e7\u00f5es:<\/strong>\u00a0Participar ativamente das atividades dos Grupos Tutoriais, \u00a0colaborar no desenvolvimento de solu\u00e7\u00f5es digitais, participar de cursos e eventos, e contribuir para a produ\u00e7\u00e3o cient\u00edfica.<\/li>\r\n \r\n \t<li><strong>Bolsa:<\/strong>\u00a0R$ 700,00 (refer\u00eancia CNPq).<\/li>\r\n \r\n \t<li><strong>Carga Hor\u00e1ria:<\/strong>\u00a08h semanais.<\/li>\r\n<\/ul>\r\n \r\n\r\n<strong>Sele\u00e7\u00e3o para Tutores (Docentes UERJ)<\/strong>\r\n\r\n \r\n<ul class=\"wp-block-list\">\r\n \t<li><strong>Perfil:<\/strong>\u00a0Docentes da UERJ com doutorado e experi\u00eancia nas \u00e1reas tem\u00e1ticas do projeto.<\/li>\r\n \r\n \t<li><strong>Vagas:<\/strong>\u00a05 vagas (para cadastro reserva).<\/li>\r\n \r\n \t<li><strong>Atribui\u00e7\u00f5es:<\/strong>\u00a0Orientar as atividades dos GTAs, atuando como facilitador da integra\u00e7\u00e3o entre estudantes, preceptores e os servi\u00e7os de sa\u00fade.<\/li>\r\n \r\n \t<li><strong>Bolsa:<\/strong>\u00a0R$ 1.300,00 (refer\u00eancia CNPq).<\/li>\r\n \r\n \t<li><strong>Carga Hor\u00e1ria:<\/strong>\u00a08h semanais.<\/li>\r\n<\/ul>\r\n \r\n\r\n<strong>Sele\u00e7\u00e3o para Preceptores (Profissionais do SUS)<\/strong>\r\n\r\n \r\n<ul class=\"wp-block-list\">\r\n \t<li><strong>Perfil:<\/strong>\u00a0Ser trabalhador(a) da \u00e1rea da sa\u00fade, com forma\u00e7\u00e3o superior, vinculado(a) a servi\u00e7os do SUS no estado do Rio de Janeiro.<\/li>\r\n \r\n \t<li><strong>Vagas:<\/strong>\u00a010 vagas.<\/li>\r\n \r\n \t<li><strong>Atribui\u00e7\u00f5es:<\/strong>\u00a0Orientar os(as) estudantes dos Grupos Tutoriais de Aprendizagem durante as atividades de campo, promovendo a articula\u00e7\u00e3o entre teoria e pr\u00e1tica.<\/li>\r\n \r\n \t<li><strong>Bolsa:<\/strong>\u00a0R$ 1.100,00 (refer\u00eancia CNPq).<\/li>\r\n \r\n \t<li><strong>Carga Hor\u00e1ria:<\/strong>\u00a08h semanais.<\/li>\r\n<\/ul>\r\n \r\n\r\n<strong>Sele\u00e7\u00e3o para Orientadores de Servi\u00e7o (Profissionais do SUS)<\/strong>\r\n\r\n \r\n<ul class=\"wp-block-list\">\r\n \t<li><strong>Perfil:<\/strong>\u00a0Ser trabalhador(a) da \u00e1rea da sa\u00fade, com forma\u00e7\u00e3o superior, vinculado(a) a Gest\u00e3o do SUS no estado do Rio de Janeiro.<\/li>\r\n \r\n \t<li><strong>Vagas:<\/strong>\u00a005 vagas.<\/li>\r\n \r\n \t<li><strong>Atribui\u00e7\u00f5es:<\/strong>\u00a0Colaborar na elabora\u00e7\u00e3o, execu\u00e7\u00e3o e monitoramento de projetos de pesquisa e extens\u00e3o vinculados ao PET-Sa\u00fade I&amp;SD, bem como apoiar a orienta\u00e7\u00e3o de estudantes\u00a0\u00a0\u00a0\u00a0\u00a0\u00a0\u00a0 e\u00a0\u00a0\u00a0\u00a0\u00a0\u00a0\u00a0\u00a0\u00a0\u00a0\u00a0\u00a0\u00a0\u00a0 profissionais\u00a0\u00a0\u00a0\u00a0\u00a0 da\u00a0\u00a0\u00a0\u00a0\u00a0\u00a0\u00a0\u00a0\u00a0\u00a0\u00a0 sa\u00fade.<\/li>\r\n \r\n \t<li><strong>Bolsa:<\/strong>\u00a0R$ 700,00 (refer\u00eancia CNPq).<\/li>\r\n \r\n \t<li><strong>Carga Hor\u00e1ria:<\/strong>\u00a08h semanais.<\/li>\r\n<\/ul>\r\n \r\n\r\n&#8211;\u00a0INSCREVA-SE AQUI\r\n\r\n \r\n\r\n<em>(Link para a se\u00e7\u00e3o de Processos Seletivos<\/em><em>)<\/em>\r\n\r\n \r\n\r\n<strong>O Centro Biom\u00e9dico da UERJ e o Projeto Conecta Sa\u00fade Digital Rio lan\u00e7am editais para bolsas no PET-Sa\u00fade\/Informa\u00e7\u00e3o e Sa\u00fade Digital.\r\n<\/strong><em>Realiza\u00e7\u00e3o: Telessa\u00fade UERJ | Parceiro institucional: SES-RJ<\/em>\r\n\r\n \r\n\r\nInformamos a publica\u00e7\u00e3o dos editais do Programa de Educa\u00e7\u00e3o pelo Trabalho para a Sa\u00fade \u2013 PET-Sa\u00fade\/Informa\u00e7\u00e3o e Sa\u00fade Digital \u2013 UERJ\/CBI.\r\n\r\n \r\n\r\n<strong>Objetivo Geral:\u00a0<\/strong>Desenvolver a\u00e7\u00f5es de educa\u00e7\u00e3o, forma\u00e7\u00e3o continuada e de educa\u00e7\u00e3o pelo trabalho, al\u00e9m de pesquisa e inova\u00e7\u00e3o, promover a integra\u00e7\u00e3o ensino- servi\u00e7o-comunidade e assim contribuir para a transforma\u00e7\u00e3o digital no Sistema \u00danico de Sa\u00fade (SUS), do estado do Rio de Janeiro, alinhado aos princ\u00edpios e \u00e0s diretrizes do Programa SUS Digital, com foco na forma\u00e7\u00e3o interprofissional e n\r\n\r\n \r\n\r\no uso \u00e9tico, cr\u00edtico, eficaz, eficiente e efetivo das tecnologias digitais em sa\u00fade.\r\n\r\n \r\n\r\nAs sele\u00e7\u00f5es contemplam a concess\u00e3o de bolsas para os seguintes perfis:\r\n\r\n \r\n\r\n\u00b7\u00a0\u00a0<strong>Tutores<\/strong>:\u00a005 vagas para docentes da UERJ;\r\n\r\n \r\n\r\n\u00b7\u00a0\u00a0<strong>Monitores<\/strong>:\u00a040 vagas destinadas a estudantes de gradua\u00e7\u00e3o e p\u00f3s-gradua\u00e7\u00e3o;\r\n\r\n \r\n\r\n\u00b7\u00a0\u00a0<strong>Preceptores<\/strong>:\u00a010 vagas para profissionais da sa\u00fade atuantes na Rede SUS RJ;\r\n\r\n \r\n\r\n\u00b7\u00a0\u00a0<strong>Orientadores de Servi\u00e7o<\/strong>:\u00a005 vagas para profissionais da sa\u00fade da Rede SUS RJ.\r\n\r\n \r\n\r\n<img decoding=\"async\" src=\"https:\/\/fonts.gstatic.com\/s\/e\/notoemoji\/16.0\/1f393\/32.png\" alt=\"\ud83c\udf93\" \/>\u00a0Distribui\u00e7\u00e3o das Vagas para Monitores de\u00a0<strong>Gradua\u00e7\u00e3o:<\/strong>\r\n\r\n \r\n\r\n<strong>Centro Biom\u00e9dico (CBI):<\/strong>\r\n\r\n \r\n\r\nMedicina (FCM)\r\n\r\n \r\n\r\nEnfermagem (FENF)\r\n\r\n \r\n\r\n<strong>Centro de Tecnologia e Ci\u00eancias (CTC):<\/strong>\r\n\r\n \r\n\r\nInstituto de Matem\u00e1tica e Estat\u00edstica (IME)\r\n\r\n \r\n\r\n<img decoding=\"async\" src=\"https:\/\/fonts.gstatic.com\/s\/e\/notoemoji\/16.0\/1f393\/32.png\" alt=\"\ud83c\udf93\" \/>\u00a0Distribui\u00e7\u00e3o das Vagas para Monitores de\u00a0<strong>P\u00f3s-Gradua\u00e7\u00e3o:<\/strong>\r\n\r\n \r\n\r\n<strong>Centro Biom\u00e9dico (CBI):<\/strong>\r\n\r\n \r\n\r\nP\u00f3s-Gradua\u00e7\u00e3o em Telessa\u00fade e Sa\u00fade Digital \u2013 FCM\r\n\r\n \r\n\r\nP\u00f3s-Gradua\u00e7\u00e3o em Sa\u00fade Coletiva \u2013 IMS\r\n\r\n \r\n\r\n<strong>Centro de Tecnologia e Ci\u00eancias (CTC):<\/strong>\r\n\r\n \r\n\r\nP\u00f3s-Gradua\u00e7\u00e3o em Ci\u00eancias Computacionais \u2013 IME\r\n\r\n \r\n\r\nAs bolsas variam entre\u00a0<strong>R$ 700,00\u00a0a\u00a0R$ 1.300,00<\/strong>, conforme o eixo de atua\u00e7\u00e3o. A dura\u00e7\u00e3o \u00e9 de 24 (vinte e quatro) meses, condicionada \u00e0 vig\u00eancia do projeto e \u00e0 avalia\u00e7\u00e3o cont\u00ednua de desempenho.\r\n\r\n \r\n<p class=\"has-medium-font-size\"><strong>Cronograma Atualizado<\/strong><\/p>\r\n \r\n<figure class=\"wp-block-table\">\r\n<table class=\"has-fixed-layout\">\r\n<tbody>\r\n<tr>\r\n<td><strong>Etapa<\/strong><\/td>\r\n<td><strong>Data\/Per\u00edodo<\/strong><\/td>\r\n<\/tr>\r\n<tr>\r\n<td>Per\u00edodo de Inscri\u00e7\u00f5es &#8211; <a title=\"\" href=\"http:\/\/www.centrobiomedico.uerj.br\" target=\"_blank\" rel=\"noopener\"><strong>Acesse os editais<\/strong><\/a><\/td>\r\n<td><strong>18\/07 a 29\/07\/2025<\/strong><\/td>\r\n<\/tr>\r\n<tr>\r\n<td><a title=\"\" href=\"https:\/\/www.centrobiomedico.uerj.br\/o-centro-biomedico-da-uerj-e-o-projeto-conecta-saude-digital-rio-lancam-editais-para-bolsas-no-pet-saude-informacao-e-saude-digital\" target=\"_blank\" rel=\"noopener\"><strong>Resultado da inscri\u00e7\u00f5es homologadas<\/strong><\/a><\/td>\r\n<td><strong>05\/08\/2025<\/strong><\/td>\r\n<\/tr>\r\n<tr>\r\n<td><a title=\"\" href=\"https:\/\/www.centrobiomedico.uerj.br\/resultado-preliminar-pet-sd-uerj\"><strong>Divulga\u00e7\u00e3o Resultado Preliminar<\/strong><\/a><\/td>\r\n<td><strong>07\/08\/2025<\/strong><\/td>\r\n<\/tr>\r\n<tr>\r\n<td><strong><a title=\"\" href=\"https:\/\/www.centrobiomedico.uerj.br\/o-centro-biomedico-da-uerj-e-o-projeto-conecta-saude-digital-rio-lancam-editais-para-bolsas-no-pet-saude-informacao-e-saude-digital\">Divulga\u00e7\u00e3o do Resultado Final<\/a><\/strong><\/td>\r\n<td><strong>11\/08\/2025<\/strong><\/td>\r\n<\/tr>\r\n<tr>\r\n<td><a title=\"\" href=\"https:\/\/www.centrobiomedico.uerj.br\/projeto-conecta-saude-digital-rio-cadastramento-dos-participantes\"><strong>Convoca\u00e7\u00e3o para assinatura do Termo de Compromisso e in\u00edcio das atividades<\/strong><\/a><\/td>\r\n<td><strong>12\/08\/2025<\/strong><\/td>\r\n<\/tr>\r\n<\/tbody>\r\n<\/table>\r\n<\/figure>\r\n \r\n\r\n&nbsp;\r\n\r\n \r\n\r\n<strong>Fichas de inscri\u00e7\u00e3o<\/strong>:\r\n\r\n \r\n\r\n<img decoding=\"async\" src=\"https:\/\/fonts.gstatic.com\/s\/e\/notoemoji\/16.0\/1f517\/32.png\" alt=\"\ud83d\udd17\" \/>\u00a0<a href=\"https:\/\/forms.gle\/DGfwjAzSBc5NNNN69\" target=\"_blank\" rel=\"noreferrer noopener\">Formul\u00e1rio Tutor (Professor)<\/a>\r\n\r\n \r\n\r\n<img decoding=\"async\" src=\"https:\/\/fonts.gstatic.com\/s\/e\/notoemoji\/16.0\/1f517\/32.png\" alt=\"\ud83d\udd17\" \/>\u00a0<a href=\"https:\/\/forms.gle\/G7gWTVvn2pN8jNGE8\" target=\"_blank\" rel=\"noreferrer noopener\">Formul\u00e1rio Preceptores e Orientadores de servi\u00e7o<\/a>\r\n\r\n \r\n\r\n<img decoding=\"async\" src=\"https:\/\/fonts.gstatic.com\/s\/e\/notoemoji\/16.0\/1f517\/32.png\" alt=\"\ud83d\udd17\" \/>\u00a0<a href=\"https:\/\/docs.google.com\/forms\/d\/e\/1FAIpQLSdtbo2w7Z-khdEOyC9lCVrcJqRpeBKJ6L-eJ4AsrqoJLjozBw\/viewform?usp=header\" target=\"_blank\" rel=\"noreferrer noopener\">Formul\u00e1rio Estudantes (Monitores)<\/a>\r\n\r\n \r\n\r\n&nbsp;\r\n\r\n","protected":false},"excerpt":{"rendered":"<p>ENCERRADO O Projeto Conecta Sa\u00fade Digital RIO selecionar\u00e1 70 bolsistas para compor suas equipes. As sele\u00e7\u00f5es s\u00e3o realizadas por meio [&hellip;]<\/p>\n","protected":false},"author":4,"featured_media":0,"parent":0,"menu_order":0,"comment_status":"closed","ping_status":"closed","template":"","meta":{"_monsterinsights_skip_tracking":false,"_monsterinsights_sitenote_active":false,"_monsterinsights_sitenote_note":"","_monsterinsights_sitenote_category":0,"footnotes":""},"class_list":["post-3550","page","type-page","status-publish","hentry"],"aioseo_notices":[],"_links":{"self":[{"href":"https:\/\/www.telessaude.uerj.br\/site\/wp-json\/wp\/v2\/pages\/3550","targetHints":{"allow":["GET"]}}],"collection":[{"href":"https:\/\/www.telessaude.uerj.br\/site\/wp-json\/wp\/v2\/pages"}],"about":[{"href":"https:\/\/www.telessaude.uerj.br\/site\/wp-json\/wp\/v2\/types\/page"}],"author":[{"embeddable":true,"href":"https:\/\/www.telessaude.uerj.br\/site\/wp-json\/wp\/v2\/users\/4"}],"replies":[{"embeddable":true,"href":"https:\/\/www.telessaude.uerj.br\/site\/wp-json\/wp\/v2\/comments?post=3550"}],"version-history":[{"count":2,"href":"https:\/\/www.telessaude.uerj.br\/site\/wp-json\/wp\/v2\/pages\/3550\/revisions"}],"predecessor-version":[{"id":3555,"href":"https:\/\/www.telessaude.uerj.br\/site\/wp-json\/wp\/v2\/pages\/3550\/revisions\/3555"}],"wp:attachment":[{"href":"https:\/\/www.telessaude.uerj.br\/site\/wp-json\/wp\/v2\/media?parent=3550"}],"curies":[{"name":"wp","href":"https:\/\/api.w.org\/{rel}","templated":true}]}}